of a?
7
Suppose 3*s = -4*i - 303, 5 = -0*s - 5*s. Let a = i + 286. What is the units digit of a?
1
Suppose 5*y = 3*n + 110358, 2*y = y - n + 22070. What is the hundreds digit of y?
0
What is the tens digit of 84386/16 - 212/1696?
7
Suppose d - 424 = -5*l + 4*d, 2*l = 2*d + 168. Suppose 0 = -v + 22 - l. Let s = 66 - v. What is the units digit of s?
0
Suppose 2*u + x - 30 = 0, -4*u + 26 = x - 36. Suppose -30*v + 3500 = -u*v. What is the units digit of v?
0
Let t(s) = 3*s**2 + 2*s + 2. Let y be t(-1). Suppose 2*o = 3*f - 4 - 3, -y*f + 13 = 4*o. What is the tens digit of 116 - 8/20*5 - o?
1
Let f be 7 - 0 - 3*(-10)/30. Suppose 4*w + 8 + 4 = 0. What is the tens digit of w/(6/f) - -53?
4
Let r = 28441 - 6630. What is the hundreds digit of r?
8
Let d(w) = w**3 + 45*w**2 + 44*w + 32. Let r be d(-44). Suppose -r*c + 13658 = 3098. What is the hundreds digit of c?
3
Suppose 3*r + 15 = 0, 4*r + 784 = 3*k + k. Suppose -3*g + 94 = -k. What is the units digit of g?
5
Let a be (-1)/2*-11 - 20/40. Suppose -4 = -a*z + 6, 701 = 5*n - 2*z. What is the tens digit of n?
4
Suppose -3*x + 2*b + 1769 = -0*b, -4*b - 2356 = -4*x. Let i = x + -231. What is the tens digit of i?
6
Let v(k) = 125*k - 70. Let i(a) = a + 2. Let n(d) = -i(d) - v(d). What is the units digit of n(-6)?
4
What is the thousands digit of 2/(-7) - (-1 - 11 - (-1901195)/(-595))?
3
Let s be (-20)/(-6)*2/10*-18. Let y be (-7)/(-2) + s/(-8) + -2. Suppose -p + 376 = y*p. What is the tens digit of p?
9
Let u = -7295 - -10729. Suppose -u = 7*r + 1550. What is the tens digit of r/(-10) + 3/(-15)?
7
Suppose -2*w - 23 = -5*f - 0*w, -3*w - 6 = 2*f. Let b be (f/(-2))/(3/(-294)). Suppose 2*n - r = b, 4*r = 3*n - 0*r - 233. What is the units digit of n?
1
Suppose j = 0, 0*x - 3*x + 2*j = 213. Let i = x - -2. Let q = i - -165. What is the units digit of q?
6
What is the tens digit of -30577*(28 + -16 - 13)?
7
Suppose 3 = 5*a - 12. Let u be a + 14 + -4 - 4. Let r(g) = -g**3 + 10*g**2 + 3. What is the tens digit of r(u)?
8
Suppose 0 = -2*x + 4*j - 142, x - 4*j = j - 65. Let k = x - -79. Suppose -2*w = 4*d - 162, 0*d - 4*w - 168 = -k*d. What is the tens digit of d?
4
Suppose -3*d + 16 + 8 = 0. Let u(s) = 0*s**2 + d*s - 6*s**3 + 4*s**2 - 6*s + 0*s - 1. What is the units digit of u(-2)?
9
Let f(y) = 27*y**2 + 27*y + 1154. What is the tens digit of f(-32)?
3
Let d = -119 - -151. Let x = -21 + d. Suppose 4*v - 160 = -3*k + x, 5*v - 222 = -k. What is the tens digit of v?
4
Suppose 4*h = -6*h + 180. What is the tens digit of (-2)/h - 23624/(-72)?
2
Let s(t) = -639*t - 2541. What is the thousands digit of s(-41)?
3
Let u = -99 - -101. Suppose 2*m + n - 2*n = 287, 4*n = u*m - 290. What is the hundreds digit of m?
1
Let o be (1/(-4))/((-16)/128). Suppose 0 = 3*q - 5*h - 531, 208 + 151 = o*q - 5*h. What is the hundreds digit of q?
1
What is the units digit of (-784)/(-3)*(30 - (-1 - (-7 - 6)))?
4
Let w(z) = -155 - 5*z + 6*z + 12*z. What is the units digit of w(32)?
1
What is the thousands digit of (-5 - -10 - -5) + 22269?
2
Suppose 16510 = 2*p - 3*x, -5*p - 5*x + 12502 = -28773. What is the units digit of p?
5
Suppose -16 = 4*s, -5*i - 1562 = 2*s + s. Let w = i + 634. What is the hundreds digit of w?
3
Suppose 24*m + 171*m - 7250685 = 0. What is the tens digit of m?
8
Let i(x) = 23*x + 53. Let g be i(11). Suppose -4*d + 4*z - 3*z - 868 = 0, z - 651 = 3*d. Let m = d + g. What is the units digit of m?
9
Let a(t) = t**3 - 7*t**2 + 6*t + 6. Let d be a(6). Suppose -20*y = -d*y - 28. Suppose 5*r - 753 = 2*p, -89 = y*r + 2*p - 379. What is the hundreds digit of r?
1
Let i(h) = -25*h**3 + 4*h + 2 + 5*h + 4*h - h + 2*h**2 + h. What is the tens digit of i(-3)?
5
Let l = 96 - 140. Let p = l - -44. Suppose -10*f + 6*f + 320 = p. What is the units digit of f?
0
Suppose -6 = 76*p - 77*p. What is the tens digit of (-350 + -2)/(p - 13 - -6)?
5
Suppose 0 = 67*i - 52577 - 109853 - 73611. What is the hundreds digit of i?
5
Let v = -2556 + 6238. What is the units digit of v?
2
Let g be (-4 + 52/10)*5 - -8. What is the thousands digit of (-2)/g - 276480/(-252)?
1
Let m = -7387 + 10698. What is the units digit of m?
1
What is the tens digit of (15 + 166/(-10))/((-1)/8345)?
5
Let m(i) = 30*i**2 - i - 16. Let n be (-6 - -16) + -2 + -3. What is the hundreds digit of m(n)?
7
Let a be 34 + 3/(-15)*0. Suppose 15 = a*i - 35*i. What is the units digit of -13 - i - (0 - 150)?
2
Suppose 5*l = -5*h - 5, 2*l + 2*h = l. Let j be -3 - l/(5 + -3). What is the tens digit of ((-630)/25)/(j/5)?
6
Suppose -15*q + 11*q = 5876. Let k = -915 - q. What is the hundreds digit of k?
5
Suppose -2*y - 2*x = -0*y + 40, -y - 38 = -5*x. What is the tens digit of y/46 + 843/2?
2
Suppose 12*t - 65*t = 3*t - 485968. What is the hundreds digit of t?
6
Let n(s) = 15*s**2 - 671*s + 237. What is the tens digit of n(-44)?
0
Let d = -25013 - -39200. What is the hundreds digit of d?
1
Suppose 6*i - 2 - 16 = 0. Suppose -2*a - 4*k = -3*k - 6, 10 = -2*a + i*k. What is the tens digit of (146/4 - 0)/(a/2)?
7
Let d = 260 - -13287. What is the ten thousands digit of d?
1
Let j = -41728 + 87530. What is the tens digit of j?
0
Suppose 0 = -5*i - 25, -3*i = -6*n + 2*n + 27. What is the hundreds digit of (283/n)/(-5 - (-61)/12)?
1
Suppose -37 = -8*d - 5. Let l = -3 + d. What is the units digit of (2 + -1)*l + (87 - -8)?
6
Suppose -n = n + 10, 28 = 3*r - 2*n. Suppose -32 = -3*o + 4*y, -2*y + 0 = o + r. What is the units digit of 20840/280 - (-3)/(21/o)?
5
Let f(i) = 3*i**2 - 10. Let w be f(5). Let d = w - 7. Suppose -d = -6*g + 62. What is the units digit of g?
0
Suppose -80*w + 40*w + 1620 = -31*w. What is the units digit of w?
0
Suppose 0 = -2*j + 3*j - 4*t - 434, -4*t = 8. Suppose -6*s - 384 = j. Let l = 218 + s. What is the units digit of l?
3
Let m(s) = s**2 + 131*s - 676. What is the tens digit of m(49)?
4
Let b(g) = g**2 - 4*g + 6. Suppose 0 = -r + 6 - 1. Suppose -6*i = 5*m - i - 65, 0 = r*i - 25. What is the units digit of b(m)?
8
Let c be 83/(-9) - 4/(-18). Let z be 15/10*(-15)/c*2. Suppose 0*g + 326 = 4*o - 2*g, -g = -z*o + 400. What is the tens digit of o?
7
Let g = 33 - 30. Suppose -4*t = -5*o + 5583, g*t - o = 4*o - 4191. What is the tens digit of (1 - 0)/((-16)/t)?
8
Let t(x) = -242*x - 115*x + 2 + 7*x. Let c be t(-1). Suppose -c = 2*i - 10*i. What is the tens digit of i?
4
Let q = 401 + -397. Suppose j - 13 = 4*g, -5*j + 27 = -10*j - 3*g. What is the tens digit of (j + 3)/q + -1 + 38?
3
Let p(h) = h**3 - 6*h**2 - 8*h + 10. Let c = 2 - -5. Let j be p(c). Suppose 280 = j*y + 2*a, -a - 350 = -4*y + a. What is the units digit of y?
0
Suppose 0 = 5*v + 59*j - 54*j - 135795, -9*v - 3*j + 244383 = 0. What is the tens digit of v?
5
What is the hundreds digit of (1386/(-28))/(-33)*21376?
0
Let g be ((-6)/(-4))/(1/2). Suppose -g*n - m - 1024 = -5*n, -3*m - 2560 = -5*n. Suppose n = 4*v + 132. What is the tens digit of v?
9
Suppose 5*d - 4*l = 12949 - 1555, 2*l = -2*d + 4572. Let t = -1477 + d. What is the hundreds digit of t?
8
Let r be 0*(4 - (-33)/(-9)). Let s(x) = 51 - 69 - 5*x + 62 + 83. What is the units digit of s(r)?
7
Let p be 2 - 4/(-4)*13. Let i = 17 - p. Suppose -5*h = -5*d - 210, d - 74 = -i*h - 2*d. What is the tens digit of h?
4
Let y(v) = -43*v + 12. Let c(i) = -1. Suppose 0 = 2*u - 4*x + 19 - 5, -3*x + 13 = u. Let o(d) = u*y(d) + 2*c(d). What is the hundreds digit of o(-3)?
1
Suppose -4*k + 52*a = 51*a - 18001, 22502 = 5*k - 2*a. What is the tens digit of k?
0
Let q be 490/42*(-1 - -2)*249. What is the tens digit of 2*(3 + q/20)*2?
9
Let k = 976 + 344. What is the hundreds digit of k?
3
Let h(k) = k**3 + k + 99. Let c = -21 - -30. Suppose 4*t = b + c + 7, -t = -3*b - 4. What is the tens digit of h(b)?
9
Suppose 4*k + 0*k - 5*o = -9, k + 4*o = 24. Suppose -4 = -2*n + 3*w, -2*w + k*w - 4 = 0. Suppose -5*f + f = -4, n*z = 3*f + 437. What is the tens digit of z?
8
Suppose 5*b - 34810 + 8681 = 4*i, 4*i = -b + 5197. What is the thousands digit of b?
5
Let y = -24978 + 50510. What is the ten thousands digit of y?
2
Let u(z) = 68*z**2 + 74*z - 80. What is the tens digit of u(-20)?
4
Suppose d = -b - 5, -15*d - 6 = 2*b - 12*d. What is the tens digit of (6 - 0) + (-7425)/b?
3
Let t(y) = y**3 + 6*y**2 + 10*y - 3. Let l be t(-6). Let d = 63 + l. Suppose d = v - 2*p - 11 - 50, 0 = -4*v - 3